e the greatest common factor of p and 11.
11
Suppose 3*k - 12 = -0*s - 2*s, -k = s - 5. Suppose -s*v + 60 = 3*v. Let h be (-7)/(-5) + 6/v. What is the highest common factor of h and 10?
2
Let c(l) = l**2 + l - 1689. Let v be c(-43). Calculate the greatest common factor of 153 and v.
9
Let q(t) = -t**3 + 7*t**2 + 8*t. Let d be q(9). Let h = -78 - d. Let y = 81 + -45. What is the greatest common factor of h and y?
12
Let q = -4762 + 5204. What is the highest common factor of q and 104?
26
Let z(i) = -i**2 + 20*i - 21. Let k(l) = 4*l - 20. Let a be k(5). Suppose a = -8*p + 45 + 99. Let m be z(p). Calculate the highest common divisor of 60 and m.
15
Suppose -85 = 4*h + 279. Let p be 2 + 12/(-7) + (-3159)/h. Let k = 47 - 42. Calculate the highest common factor of p and k.
5
Let m(x) = 0*x**2 + 6 + 9*x**2 - 33*x + 26*x. Let v be m(2). Calculate the highest common divisor of 364 and v.
28
Let m(n) = -36*n - 61. Let h(l) = -l**3 - 10*l**2 - 5*l + 30. Let r be h(-9). Let a be m(r). Calculate the highest common divisor of 31 and a.
31
Let x be 4/2 - (-18 + 15). Suppose 3*y - 2*k = 337, -3*k + k + 583 = x*y. Suppose 0*i - 46 = -2*o - i, -2*i = 0. What is the highest common factor of y and o?
23
Suppose 4*t - 3*l + 46 = 126, 20 = -5*l. Let n = t + 5. Let r = -1 + n. What is the greatest common factor of 147 and r?
21
Let v(q) = -3*q**2 + 202*q + 162. Let r be v(68). Calculate the highest common divisor of 20722 and r.
26
Let b(a) = a**3 - 17*a**2 - 38*a + 18. Let k be b(19). Suppose 0 = -k*s + 86 + 292. Calculate the greatest common divisor of s and 105.
21
Suppose 5*v = -2*n + 99 - 77, -2*v = -4*n + 44. Calculate the highest common divisor of n and 1331.
11
Let l = -16700 + 16709. What is the greatest common factor of 381 and l?
3
Suppose 2253*a = 2391*a - 28704. Calculate the highest common factor of a and 47632.
208
Let g(i) = i**3 - 22*i**2 - 45*i - 29. Let a be g(31). Calculate the greatest common factor of 75 and a.
25
Let f = -63 + 93. Suppose -3*j - 12 = -3*m, -5*m = 382*j - 381*j - 86. Calculate the greatest common factor of f and m.
15
Suppose 34454 + 35530 = 108*y. Calculate the greatest common divisor of y and 636.
12
Let q = -7116 + 7155. What is the greatest common factor of 462 and q?
3
Let r be 6*14*(28 + (-385)/14). What is the greatest common divisor of 6258 and r?
42
Let o(y) = 1 + 7*y - 2*y + 7*y - 28*y - 2*y**2. Let p be o(-8). Calculate the highest common factor of p and 13.
1
Let h(m) = -8*m - 16. Suppose 0*t - 11 = -t. Suppose 9*n = t*n + 28. Let a be h(n). What is the highest common divisor of 12 and a?
12
Let p = -651 + 711. Suppose 0 = -3*c + 4*c + 39. Let h be -2*(c/6 + -1). Calculate the highest common factor of p and h.
15
Suppose 0 = -2*z + 2*l + 140, -3*l + 151 = -4*z + 430. Let w = -19840 - -20001. What is the highest common factor of w and z?
23
Let j = 25 + -26. Let i = j - 44. Let u = -31 - i. What is the greatest common divisor of 35 and u?
7
Suppose 4*p - 53 = -5*c, 0 = 85*p - 86*p - 2*c + 14. What is the greatest common divisor of 692 and p?
4
Suppose -13*l - 40 = -21*l. Suppose 3*c - 250 = -g - 1, 803 = 3*g - l*c. What is the highest common divisor of g and 29?
29
Let c(w) = 12*w**2 + 7*w - 97. Let b(v) = -3*v**2 - 2*v + 24. Let u(d) = -9*b(d) - 2*c(d). Let k be u(7). Calculate the greatest common factor of 9 and k.
9
Let t be 101 - (1 + (-24)/18)/((-2)/(-6)). What is the highest common factor of t and 6834?
102
Suppose 5*i + 5*q = 159 - 14, q - 125 = -5*i. Suppose -30*s = -i*s - 240. What is the greatest common divisor of 15 and s?
5
Let c be (-120)/36*300/(-20). What is the greatest common divisor of c and 4150?
50
Let d(v) = -3*v**3 - 39*v**2 - 8*v - 40. Let s be d(-13). What is the greatest common divisor of s and 22?
2
Suppose -5*j + 2460 + 1527 = t, 2*j = 3*t + 1605. Let z be j/24 + (-1)/4. Suppose -123 + 126 = c. What is the greatest common divisor of c and z?
3
Let n(z) = z**2 - 9*z - 931. Let m be n(65). Calculate the greatest common divisor of 63 and m.
63
Let i(y) = -139*y - 3915. Let d be i(-31). What is the highest common divisor of 6 and d?
2
Let t = 19 + 44. Let n be (11 + -1)/2*(-8 - -9). Let x = 12 - n. What is the highest common factor of x and t?
7
Let q = 32 + -60. Let h be 2/2 - (-1 + q). Suppose -236*b + 631*b - 468270 = -1024*b. Calculate the greatest common divisor of h and b.
30
Let m = 12 - 55. Let y = 3 - m. What is the highest common divisor of y and 322?
46
Let y(h) = -h**2 - 65*h - 958. Let l be y(-42). Calculate the highest common factor of 2344 and l.
8
Suppose 94 = r + r. Let c = 179 - 173. Suppose 9*t = c*t + 141. What is the highest common factor of r and t?
47
Suppose 10258 = 75*x - 8642. Suppose 0 = -2*t - 2*b + 350, 0 = 3*t + t - b - 715. Let s be 8/20 - t/(-5). What is the greatest common factor of s and x?
36
Let t(z) be the third derivative of 43*z**6/120 - z**5/30 + z**4/24 + z**3/6 + z**2 - 8. Let x be t(1). Calculate the greatest common divisor of 129 and x.
43
Let o be -15 + (-10 - -325) + -6. What is the greatest common divisor of o and 1225?
49
Suppose -3*a + 4228 = -r, 2*a - 2836 = -76*r + 81*r. Calculate the greatest common factor of 66 and a.
22
Suppose -42*n = 39*n + 18514 - 82018. What is the greatest common factor of n and 12?
4
Suppose -2*d = 2*d + 20, 2*d = -4*c + 18. Suppose -116 + 26 = -89*w + 355. Calculate the greatest common factor of w and c.
1
Let n(w) = -w**3 - 20*w**2 + 332*w - 267. Let u be n(-31). What is the highest common divisor of 141 and u?
3
Suppose -13*r = -8*r - b - 403, -r = 2*b - 85. Let d(j) = -2*j**2 - 19*j - 6. Let w be d(-8). Calculate the greatest common divisor of r and w.
9
Let r(z) be the third derivative of -z**6/120 + 2*z**5/15 + z**4/2 + 5*z**3 - 26*z**2 + z. Let i be r(-6). Calculate the highest common factor of i and 22.
22
Let k be 0/(((-2)/(-1))/(-2)). Suppose k = -24*d + 20*d + 68. Suppose -3*v - d = -98. What is the highest common factor of 135 and v?
27
Suppose -a - l = -155, -14*l - 660 = -4*a - 10*l. Let v(o) = 5*o + 12. Let x be v(4). What is the highest common factor of x and a?
32
Let x be (12/6)/((12/(-10))/(-3)). Suppose -5*s + 49 = x*c - 36, -c - 2*s = -17. Suppose 4*u - 60 = 8. What is the greatest common divisor of u and c?
17
Suppose 470*u = 447*u + 4807. What is the highest common divisor of 190 and u?
19
Let f(q) = 3*q**2 - 60*q + 136. Let r be f(27). What is the greatest common divisor of 19 and r?
19
Let n = 14037 - 13659. Calculate the highest common divisor of n and 4704.
42
Suppose -314 = -23*b + 100. Calculate the highest common factor of b and 927.
9
Suppose -10*t = 2*t - 432. Suppose 5*v + x = -0*v + 440, 194 = 2*v + 4*x. Let d = v - 78. Calculate the greatest common divisor of t and d.
9
Let n(x) = x**3 - 25*x**2 + 22*x + 54. Suppose 120 = -3*w + 8*w. Let h be n(w). Calculate the highest common divisor of 102 and h.
6
Suppose -3*c - 44 + 35 = 0. Let n be -1 + (-24)/(-1) + c. Calculate the greatest common divisor of 10 and n.
10
Suppose -573*v + 342 + 18 = -561*v. Calculate the greatest common divisor of 8090 and v.
10
Let j(q) = -17*q**2 + 136*q - 43. Let k be j(7). What is the highest common divisor of 893 and k?
19
Suppose -54 = -3*d - 0*d. Let z = -122323 + 122347. What is the highest common factor of d and z?
6
Let w = 86 - 3. Suppose 0 = -2*a + 2*x + 24, -4*a + w = -3*x + 33. Let y = 25 - 23. Calculate the highest common factor of y and a.
2
Let f = -291 - -511. Suppose 0 = -12*w + 477 + 183. What is the highest common factor of f and w?
55
Suppose -314*d + 12538 = -7830 + 3412. Suppose -p - 4*y + 54 = -39, 3*p + 5*y - 258 = 0. Calculate the greatest common divisor of p and d.
27
Let u = -10267 + 24285. Calculate the greatest common divisor of 86 and u.
86
Let n = 5603 - 5371. Calculate the highest common factor of n and 8700.
116
Let t = 37066 - 36810. Calculate the greatest common factor of 1840 and t.
16
Let y be (6 - -1) + 3 + -7. Suppose -37 = -y*l + 47. Calculate the greatest common factor of l and 308.
28
Suppose 0 = -52*o + 41*o + 143. Suppose -o*j = 94 - 380. Calculate the greatest common factor of 2 and j.
2
Let u(o) = -32*o**2 + 1602*o + 38. Let a be u(50). Calculate the greatest common factor of a and 294.
6
Suppose -5*k = -5*a + 14230, 24*k - 21*k = -3*a + 8562. Calculate the gre